v - 46 = -5*v, 2*n = -h*v + 44. Does 6 divide n?
True
Suppose -5*n = -9*n + 4. Let c(i) = 10*i**3 + i**2. Is c(n) a multiple of 2?
False
Is 13 a factor of 8/6*957/22?
False
Let f(y) = -22*y - 23. Let o(i) = 11*i + 12. Let u(s) = 3*f(s) + 5*o(s). Is 22 a factor of u(-6)?
False
Let y = 7 + -5. Suppose -3 = -0*k - 3*k + y*s, k - s = 0. Suppose -18 + 3 = -k*l. Is 2 a factor of l?
False
Let l be 1 + 0 - (1 - 2). Suppose 3*g - 3*r + l*r - 83 = 0, 4*r + 116 = 4*g. Let a = g - -2. Is 14 a factor of a?
False
Let r be (-5)/(-2)*(20 - -10). Let d = r - 35. Is d a multiple of 10?
True
Let w = 5 - 2. Let y be 2/3 + (-143)/w. Let o = 69 + y. Is o a multiple of 9?
False
Suppose 4*b - 44 = b + 4*h, -4*b + 46 = h. Let v = -3 + b. Is 4 a factor of v?
False
Let j = 8 + -8. Suppose -2*o = 3*y - 4*y - 8, j = o - 5*y + 5. Is o even?
False
Suppose -2*a + 6*a - 182 = s, 5*a - 4*s = 233. Does 8 divide a?
False
Let s be (-3)/(-2)*(-12)/(-9). Suppose 4*y - s = -78. Let k = 39 + y. Does 10 divide k?
True
Suppose -x + 2*x - 25 = 0. Suppose 0 = -2*k + 7*k + x. Let b(u) = -3*u - 7. Is b(k) a multiple of 8?
True
Suppose 2*q + 362 = 5*i, -4*i + 0*q + 288 = -2*q. Does 37 divide i?
True
Let h be 14/3 - 1/(-3). Suppose -3*o + z + 4*z = 1, -2*o - 3*z = -31. Suppose -j = -h - o. Is 8 a factor of j?
False
Let i(h) be the third derivative of h**5/60 + 7*h**4/24 - h**3/3 + h**2. Let s = -6 - 2. Does 3 divide i(s)?
True
Let o = -63 - -107. Suppose -8*t + o = -4*t. Is t a multiple of 3?
False
Suppose -2*y = 3*d - 42, 7*y - 87 = 2*y - 3*d. Is y a multiple of 15?
True
Let j(x) = -8*x - 1. Let t(m) = -m**2 - m + 1. Let v(s) = j(s) - 4*t(s). Is v(4) a multiple of 16?
False
Is 2 a factor of (7 - (-19)/(-5))*5/2?
True
Let y be (-1)/((-8)/(-3) + -3). Is y + (12 - 0/2) a multiple of 13?
False
Suppose 3 = -5*x + 53. Let b = x + -5. Suppose k + 14 = 2*k + b*l, -56 = -4*k + 2*l. Is k a multiple of 6?
False
Let j = -6 - -8. Let m = j - 2. Suppose 0 = -5*z - 4*p - 19 + 74, -2*z - 4*p + 34 = m. Is z a multiple of 7?
True
Let v = 13 + -7. Suppose -v*i + 52 = -5*i. Is i a multiple of 10?
False
Let p(u) = 54*u - 5. Does 18 divide p(2)?
False
Let i(t) = 19*t - 1. Let k(d) = -18*d + 1. Let z(p) = -6*i(p) - 7*k(p). Is 11 a factor of z(1)?
True
Suppose -c = -131 - 10. Is c a multiple of 17?
False
Let y(b) = b + 28*b**2 + 0*b + 2*b + 1 - 5*b. Let q be y(1). Let f = 49 - q. Does 22 divide f?
True
Let l(o) = o + 9. Let k be l(-6). Suppose 0 = -k*i + 27 + 15. Does 3 divide i?
False
Let l(b) = -b - 2. Let t be l(-4). Suppose 0 = v - t*z + 4, 0 = -0*v + 4*v + 3*z - 17. Does 2 divide ((-1)/v)/((-1)/4)?
True
Suppose -9 = -4*g + 3. Suppose -n + g*p = -2*n + 15, 5*n = 4*p + 94. Is n a multiple of 10?
False
Suppose 3*y - 4 = 41. Is 5 a factor of y?
True
Let c be (-400)/24*(-63)/5. Suppose -4*v = y - 277, -4*v + v - 3*y = -c. Is v a multiple of 19?
False
Let u(x) = 4*x - 6. Let m be u(4). Suppose -31 - 9 = 4*g. Is 12 a factor of (-48)/m*g/2?
True
Let u = 0 - -3. Suppose u*b + 36 = -0*b. Does 6 divide 57/4 - (-3)/b?
False
Suppose 0 = -2*l - 3*r + 66, 5*l - 104 = l + r. Suppose 4*d + 5*w = l, 2*d - 19 = w + 2*w. Is 6 a factor of d?
False
Let f(a) = -a**2 - a. Let w be f(-4). Is 9 a factor of 91/3 + 4/w?
False
Suppose 4*l = -4*s - 4, 5*s = 4*l - 0*l + 49. Let t = -3 - l. Does 5 divide 10*t*3/9?
True
Let j = -175 - -355. Does 41 divide j?
False
Let d(h) = -12*h - 6. Is d(-4) a multiple of 21?
True
Let r = 105 + -69. Does 8 divide 40/6*r/10?
True
Is (32/4)/((-4)/(-6)) a multiple of 4?
True
Suppose -5*l + 2*l = -21. Is l a multiple of 2?
False
Let z = 5 + -1. Suppose 1 = 3*u + z. Is 10*1*(2 - u) a multiple of 15?
True
Suppose 4*k - 3*u + u = -106, u + 103 = -4*k. Let q = k - -39. Is q a multiple of 4?
False
Let v = -9 + 39. Is v a multiple of 10?
True
Suppose -4*w + 4*l + 92 = 0, 0 = -w + 2*l - 6 + 31. Suppose -w = -4*z + 95. Does 14 divide z?
False
Let w(j) = 38*j**3 - 2*j**2 - 2*j - 1. Let u be w(-1). Let y = -43 + 24. Let g = y - u. Is g a multiple of 10?
True
Is 121/(-1)*(8 + -9) a multiple of 6?
False
Let k = -1 + 7. Is k a multiple of 3?
True
Let f(d) = 35*d**2 + 2*d. Is 10 a factor of f(2)?
False
Let r(b) = b**2 - 6*b + 5. Let u be r(5). Suppose u = -2*z - 2*z + 24. Suppose 132 = 3*s + z. Is s a multiple of 14?
True
Is -2 + 0 + (41 - 2) a multiple of 11?
False
Let u(a) = -a**2 + a + 4. Let h be u(2). Suppose 0 = p - 4, h*x + 17 = 3*x + p. Does 7 divide x?
False
Does 11 divide (0/(-1) - 1)*-4 + 51?
True
Let f(k) = k**2 + 2*k - 1. Let a be f(-4). Suppose 4*b = u + a, -4 = -5*b + 4*u + 2. Does 2 divide b?
True
Let c(g) = 19*g**2 - g. Suppose -4*d + 10 = 3*y, -3*d + 21 - 9 = 0. Is 17 a factor of c(y)?
False
Suppose 3*l - 2*l = 0. Let n(x) = -5*x + l - 4 - 1. Is n(-5) a multiple of 20?
True
Let w = 7 + -4. Let n(c) = 0 + 2*c - c**3 - 4 - 3*c - 5*c**2 + 2*c**w. Does 15 divide n(6)?
False
Suppose 0 = -3*f + 115 + 56. Is f a multiple of 19?
True
Let u = -17 + 10. Let a = u + 7. Let x(g) = -g**3 + g**2 - g + 16. Is x(a) a multiple of 16?
True
Let m(o) = -o + 9. Let w(h) = -h + 10. Let q be w(6). Let j be m(q). Suppose 0 = j*f - 196 + 36. Does 12 divide f?
False
Suppose 4*i + 37 = s, i + i + 167 = 5*s. Let t = 34 + s. Is t a multiple of 18?
False
Suppose 6 - 2 = 2*p. Let w = p - -5. Suppose 2*k - w = k. Is 3 a factor of k?
False
Let z(f) = f**3 + 7*f**2 - 8*f + 6. Let t be z(-8). Let v be (-4)/(10/t - 2). Let j = v + -6. Is j a multiple of 6?
True
Suppose 0 = -0*y + 3*y. Suppose y*l - 4*z = -l + 18, 0 = -2*l + z + 64. Let r = 64 - l. Is r a multiple of 15?
True
Suppose -4*z + 91 = z - 4*t, 49 = 3*z - t. Is 15 a factor of z?
True
Let a be (-4)/3*3/2. Let c be 2/(-2 - 0)*a. Suppose j = -5*q + 4*q + 33, c*q + 5*j - 69 = 0. Is 11 a factor of q?
False
Let y(d) = -4*d**3 - d**2 + d + 2. Does 14 divide y(-2)?
True
Suppose 5*b = 2*m - 8 + 27, -3*m - b + 14 = 0. Suppose 0*z - m*z + 54 = 0. Is z a multiple of 13?
False
Suppose 0 = 5*u + 4*o - 1561, 2*o + 1249 = 4*u + 5*o. Does 36 divide u?
False
Let x(y) = 6*y + 2 - 2*y**2 + 3*y**2 - 2*y. Let k be x(-4). Suppose -4*i - 4*m = -140, k*i - 95 = -2*i + 5*m. Is i a multiple of 15?
True
Let g(k) = 37*k**2 + 3*k + 2. Is 12 a factor of g(-1)?
True
Let o = -17 + -3. Let z = 70 + o. Is z a multiple of 14?
False
Suppose -1 - 5 = -2*i. Suppose -w + 23 = -i*j + 4, 3*j = -2*w + 47. Does 18 divide w?
False
Suppose -2*v - 2*v - 12 = 0. Let l be ((-4)/6)/(v/27). Does 15 divide -20*l/8*-2?
True
Is 48/40*(-45)/(-3) a multiple of 6?
True
Let m(x) = -x + 25. Let w be m(12). Let d = -9 + w. Does 4 divide d?
True
Let b(x) = -x + 10. Let h be b(6). Suppose 0 = -h*a - 7 - 9. Let s = 7 - a. Is 4 a factor of s?
False
Let c(p) = p**3 - 7*p**2 + 4*p - 13. Let r be c(9). Suppose 4*b = 55 + r. Is 20 a factor of b?
True
Let i(z) = z**3 - 5*z**2 + 3. Let j be i(5). Let a = 10 + -7. Suppose j*d - 21 = a. Is d a multiple of 8?
True
Let b(p) = -p**3 + p + 1. Let y(k) = 10*k**3 - 2*k**2 + 8*k + 5. Let f(d) = -6*b(d) + y(d). Is 5 a factor of f(1)?
True
Let a(f) = 2*f**2 - 2*f - 1. Is 13 a factor of a(9)?
True
Let f(g) = g**2 - 6*g - 18. Is f(10) a multiple of 6?
False
Suppose -l = -6*l + 10. Suppose -l*z - z - 3 = 0. Is 5 a factor of z + 1*12 + 0?
False
Let c = -3 + 1. Let h be ((-2)/(-4))/(c/12). Let f = 5 - h. Is f a multiple of 3?
False
Suppose p + 11 = 61. Does 25 divide p?
True
Let s(t) = -t**2 + 2*t - 8. Let l be s(0). Is 9 a factor of ((-12)/l)/((-1)/(-24))?
True
Suppose -3*g = -g. Suppose -w - 8*q + 4*q = -13, g = -3*w + q + 26. Is w a multiple of 2?
False
Suppose 12 = -2*w - f, -24 = w + 3*w - f. Let s be -13*(w + 2 + -1). Suppose -5*y + s = 2*a, -4*y + 112 = 2*a + 2*a. Is a a multiple of 13?
False
Let n be (-14 - -2)*2/(-4). Let t be (1/(-2))/((-1)/n). Does 14 divide (-28)/(-1 + t - 3)?
True
Let d(s) = -10*s + 11. Is 27 a factor of d(-7)?
True
Let t(g) be the third derivative of -g**6/120 + 3*g**5/20 - g**4/24 - 11*g**3/6 - 2*g**2. Does 15 divide t(8)?
True
Let r = -70 - -101. Let w be -2 + 2 + 90 + 1. Suppose w = 5*c + r. Is 12 a factor of c?
True
Suppose -8*h + 117 = -147. Does 3 divide h?
True
Let a = 5 + -4. Let s(p) = 4*p**2 - 1. Let y be s(a). Let x(i) = -i**3 + 3*i**2 + 5*i - 2. Is x(y) a multiple of 10?
False
Let f = -35 - -83. Is 12 a factor of f?
True
Suppose -4*u + u = -3. Suppose -2*w + u = -w. Do